 3*t + 36 = -2*f + 96. List the prime factors of t.
2, 11
Suppose -2*q + 4 + 0 = -x, 0 = x - 2. Suppose 0 = 5*m - h - 159, -q*m - 5*h = -0*h - 101. What are the prime factors of m?
2
Suppose 0 = 7*h - 8600 - 640. List the prime factors of h.
2, 3, 5, 11
Let x be -15*4/(-15)*-3. Let t(a) = -a**3 - 12*a**2 - 3*a - 5. Let r be t(x). Let g = r + -10. List the prime factors of g.
3, 7
Let k(i) = -2 + 22*i**3 + 33*i - 65*i + 31*i. List the prime factors of k(2).
2, 43
Let h(y) = -4*y**2 - 5*y. Let z be h(-5). Let v = z + 39. Let u = v + 80. What are the prime factors of u?
2, 11
List the prime factors of (995 - 7) + 0/1 + -5.
983
Suppose -4*d + 1464 = 56*q - 55*q, 4*q - 5898 = -2*d. What are the prime factors of q?
2, 3, 41
Let c be (-5532)/(-48) + 2/(-8). Let m = 189 - c. Suppose m = 4*d - 22. List the prime factors of d.
2, 3
List the prime factors of 2/(30/5)*5*111.
5, 37
Let b = 2608 + 654. What are the prime factors of b?
2, 7, 233
Suppose 0 = -3*w + w + o + 11, -5*w - 3*o = -22. Let j = -9 - -11. Suppose -w*t - 40 = -j*b, 4*t - 7*t - 100 = -5*b. What are the prime factors of b?
2, 5
Let a(i) = -i + 1. Let x be (-3)/(-2) + (-3)/6. Let q = x + -2. List the prime factors of a(q).
2
Let u(c) = 4*c**2 - 56*c - 3. List the prime factors of u(24).
3, 11, 29
Suppose -g + f + 10 = 0, 2*g - 5*f = 20 - 3. Let v = 10 + g. What are the prime factors of (-4)/7 + 642/v?
2, 3, 5
Suppose 2*v = l + 16, -4*v - 4*l - 1 = -9. Let p = -2 + v. What are the prime factors of 59/5 + p/20?
2, 3
Suppose 4*m - 284 = -h, 0 = -m - 2*m + 9. What are the prime factors of h?
2, 17
Suppose m - 2 - 2 = 0. Suppose -3*x = -m*w + 595, 37 + 116 = w - 5*x. What are the prime factors of w?
2, 37
Suppose 0 = 9*l + 31*l - 64920. What are the prime factors of l?
3, 541
Let d be (-4)/10 + 216/40. Suppose 2*p + d*p - 532 = 0. List the prime factors of p.
2, 19
Let z(p) = -p**3 - 7*p**2 - 4*p + 4. Let o be z(-6). Let m(c) be the first derivative of -c**2/2 + 2*c - 1. What are the prime factors of m(o)?
2, 5
List the prime factors of (-88023)/(-195) - 2/5.
11, 41
Let p(b) = b + 25. Let n be p(19). Suppose -2*t + 3*a = a - 46, -2*t = -4*a - n. What are the prime factors of t?
2, 3
Suppose 2*b - 19 = -3. Let a = b + -20. List the prime factors of (-100)/(-6)*(-18)/a.
5
Let q = 241 - 119. What are the prime factors of q?
2, 61
Suppose -5*y + 6 + 4 = 0. Suppose -2*f + 6*f - x - 477 = 0, f + 4*x = 132. Suppose -y*t - f = -7*t. List the prime factors of t.
2, 3
Suppose 17 - 23 = -3*o. Suppose -59 = 3*f - 3*i - 20, -f - o*i = 4. What are the prime factors of ((-4)/3)/(f/150)?
2, 5
Let z be 3*-1*(3 + -2). Let t be 1 - 1*(8 - z). List the prime factors of (t/4)/(1/(-14)).
5, 7
Suppose -2*p + 7*p = -5*d + 1115, 1338 = 6*p + d. List the prime factors of p.
223
Let a(z) = -25*z + 5 - 4 + 7*z**2 + 27*z - 26. What are the prime factors of a(-7)?
2, 19
Suppose 4*s + 4*x - 451 - 93 = 0, 5*s - 656 = x. What are the prime factors of s?
2, 3, 11
Let o(k) = -k**3 - 18*k**2 + 2*k - 37. Let c(z) = 2*z**3 + 35*z**2 - 5*z + 74. Let a(q) = -6*c(q) - 11*o(q). List the prime factors of a(-13).
2, 7
Suppose 47527 = 21*l + 1432. List the prime factors of l.
5, 439
Suppose 11*p = 16*p. Suppose -6*a + 8*a - 236 = p. What are the prime factors of a?
2, 59
Suppose 4*h - 3*d = -2*d + 18, -5*d - 2 = 2*h. Let o(f) = 8*f + 6. What are the prime factors of o(h)?
2, 19
Let v = -48 - 174. Let y = 361 + v. What are the prime factors of y?
139
What are the prime factors of (-255)/(-45)*(177 - 0)?
17, 59
Let m(l) = 35*l - 124. List the prime factors of m(18).
2, 11, 23
Let h(o) = -128*o**3 - 12*o**2 - 6*o + 2. What are the prime factors of h(-3)?
2, 421
Let b(z) = 5*z**2 - 3*z + 5. Let r be b(4). Suppose -r = 3*w - 298. Let a = w - 39. What are the prime factors of a?
2, 3
Let a = -68 + 58. What are the prime factors of 1*59 - (a - -11)?
2, 29
What are the prime factors of -2 + (-3312)/(-9) + 6?
2, 3, 31
Suppose -451 = -2*k - 5*l, 4*l + 0*l = 2*k - 496. Let r = 466 - k. What are the prime factors of r?
2, 3, 19
Let h(c) = c**3 + 15*c**2 + 20*c + 24. Let n be h(-13). Let q = 13 + n. What are the prime factors of q?
5, 23
Let d = -546 + 966. List the prime factors of d.
2, 3, 5, 7
Suppose 0 = -j - 2 - 0. Let l be (j - 0) + -1 - -7. Suppose 2*x + i - 34 = 36, -l*i - 201 = -5*x. What are the prime factors of x?
37
Let p = -3 - -6. Suppose p*r - 29 = -2*r + 2*y, 2*r = -4*y + 2. Suppose 3*g - r*g = -42. List the prime factors of g.
3, 7
Let r = -82 + 79. List the prime factors of 1/r + (-1524)/(-9).
13
Suppose 4*y - 32*y = -59976. List the prime factors of y.
2, 3, 7, 17
Suppose -9 = -5*z + 4*d + 261, -5*z + 270 = 2*d. Let o = z + 87. List the prime factors of o.
3, 47
Let z = 2228 + -1203. What are the prime factors of z?
5, 41
Suppose -45*n - 11*n + 177352 = 0. What are the prime factors of n?
3167
Let i(b) = 7 - 8 + 61*b + 1. List the prime factors of i(1).
61
List the prime factors of -6 + (-35)/(-28) + (-14862)/(-8).
17, 109
Let z(d) = 3*d**2 - 4*d - 2. Let p be z(2). Suppose t = p*f + 2*f + 21, 29 = 3*t + 5*f. Let m = 44 - t. List the prime factors of m.
31
Let h(t) = t**2 + 5*t + 4. Let l be h(-4). Let q(c) = 29*c**2 + 6 - 4 + 12 - 30*c**2. List the prime factors of q(l).
2, 7
List the prime factors of ((-189)/(-12) - 16)/(2/(-40408)).
5051
Let i(c) = -102*c + 94. What are the prime factors of i(-25)?
2, 661
Let w be (-7)/14 - (-21)/2. Let v(j) = j - 10. Let i be v(w). Suppose i = -0*d - d + 2*z + 28, -3*z = -2*d + 58. What are the prime factors of d?
2
Let k(a) = -135*a. Let l be k(-2). Suppose -10*j - l = -15*j. List the prime factors of j.
2, 3
Let w = 5 - 2. Let b = -3 + w. Suppose b = 2*z - 3*z + 14. List the prime factors of z.
2, 7
Let t = 598 + -34. List the prime factors of t.
2, 3, 47
Let t(j) = 6*j - 3. Let v be t(5). Suppose v*b = 31*b - 8. Suppose -2*d + 19 = 5*g, -4*g - 12 = -b*d - 2*g. List the prime factors of d.
7
Suppose -4351 = 16*p - 19295. List the prime factors of p.
2, 467
Suppose 3*h - t - 21 = 0, 4*t + 2 = -10. Let a = h - -8. What are the prime factors of a?
2, 7
List the prime factors of (2/(-6))/((-48)/13464)*10.
5, 11, 17
Suppose 0 = s - 15. What are the prime factors of -11*(-5)/15*s?
5, 11
Suppose -b - 4*f - 36 = -3*b, 84 = 4*b + 4*f. Suppose 4*p + b = 6*p. List the prime factors of (-175)/p*(-8)/10.
2, 7
Let r be (3 - 4) + (-5)/1. List the prime factors of -10*(-4)/r*-3.
2, 5
Let a(b) = -2*b - 4 + 2 + 1 + 6*b**2. Let g(r) = r**3 + 7*r**2 - 4*r + 34. Let p be g(-8). What are the prime factors of a(p)?
19
Let c(x) = -x**3 + 4*x**2 + 6*x + 1. Let v(d) = -d**2 - d. Let u(f) = -c(f) - 2*v(f). Let y be u(3). List the prime factors of -4*(19 - 3)/y.
2
Suppose -4*g = -3*w - 2801, 4*w - 15 = w. List the prime factors of g.
2, 11
Let c = -80 - 146. Let r = c - -386. What are the prime factors of r?
2, 5
List the prime factors of (207/(-12) + -4)*(-9 - -5).
5, 17
Suppose 8*f - 5102 - 242 = 0. List the prime factors of f.
2, 167
Suppose 0 = 5*z + 85 + 245. What are the prime factors of 100/6 + (-88)/z?
2, 3
Let f = 380 + -184. Suppose 6*o + o = f. List the prime factors of o.
2, 7
Let l be (1/3)/((-2)/(-18)). Suppose -4*f - l*q + 114 = -f, -q = 4*f - 149. What are the prime factors of f?
37
Let f(u) = u**2 + 7*u + 9. Let s be f(-7). Suppose -n + s = 2*n, -n - 269 = -4*b. What are the prime factors of b?
2, 17
Suppose 15 = 4*p + 3. List the prime factors of (p - (-8 - -7))*190/8.
5, 19
Suppose 24*b = 2*b + 6622. List the prime factors of b.
7, 43
Suppose -80 = -2*w - 22. Suppose w = 4*y - 3*s, 2*y = 4*y - 4*s - 22. Suppose -v + 5*v = -2*q + 52, -3*q + 80 = y*v. What are the prime factors of q?
2, 3, 5
Let z = -436 + 649. List the prime factors of z.
3, 71
Let g = -2385 - -5581. List the prime factors of g.
2, 17, 47
Suppose -11268 = 17*d - 32654. List the prime factors of d.
2, 17, 37
Let q(c) = c**2 - 16*c - 38. List the prime factors of q(25).
11, 17
Let a = 4 + -8. Let d be a/(-18) - (-112)/(-18). Let p = -2 - d. List the prime factors of p.
2
Let c = 6827 - 4527. What are the prime factors of c?
2, 5, 23
Suppose -h + 104 = -391. List the prime factors of h.
3, 5, 11
Let x be 26/(-2*1/(-2)). Let v be -2 + (2 - x) - -3. Let l = 35 + v. List the prime factors of l.
2, 3
List the prime factors of 1134/35*(-10